.
2, 3, 13422259
What are the prime factors of 6019743140?
2, 5, 300987157
List the prime factors of 3232386493.
7, 157, 2941207
List the prime factors of 3373761500.
2, 5, 6747523
List the prime factors of 1636782445.
5, 327356489
What are the prime factors of 33755548?
2, 2591, 3257
List the prime factors of 591939020.
2, 5, 29596951
What are the prime factors of 25175262?
2, 3, 7, 373, 1607
What are the prime factors of 22303551?
3, 7434517
List the prime factors of 761417662.
2, 163, 2335637
List the prime factors of 212826769.
212826769
What are the prime factors of 487960841?
487960841
List the prime factors of 112463424.
2, 3, 37, 1759
List the prime factors of 148540974.
2, 3, 19, 1302991
List the prime factors of 808883123.
808883123
List the prime factors of 509896287.
3, 541, 104723
List the prime factors of 59853261.
3, 13, 61, 139, 181
What are the prime factors of 528412455?
3, 5, 1279, 9181
What are the prime factors of 125288811?
3, 13920979
What are the prime factors of 323495048?
2, 6359
What are the prime factors of 66889320?
2, 3, 5, 31, 17981
What are the prime factors of 460802266?
2, 230401133
What are the prime factors of 156667207?
431, 363497
What are the prime factors of 192585115?
5, 38517023
What are the prime factors of 1045240947?
3, 43, 2700881
What are the prime factors of 6568364845?
5, 7, 523, 358829
List the prime factors of 500305067.
500305067
List the prime factors of 56199803.
11, 1171, 4363
List the prime factors of 137090555.
5, 7, 373, 10501
What are the prime factors of 22825586?
2, 7, 1630399
What are the prime factors of 38417967?
3, 7, 609809
List the prime factors of 1706674494.
2, 3, 7, 40635107
List the prime factors of 357120394.
2, 17, 179, 58679
What are the prime factors of 56706421?
56706421
What are the prime factors of 120812716?
2, 19, 1589641
List the prime factors of 863372538.
2, 3, 7, 6852163
List the prime factors of 1240672599.
3, 1877, 24481
What are the prime factors of 20146681?
20146681
List the prime factors of 81858731.
5569, 14699
What are the prime factors of 1992504950?
2, 5, 23, 71, 1061
List the prime factors of 3372396543.
3, 374710727
List the prime factors of 128485969.
128485969
List the prime factors of 630205925.
5, 107, 235591
List the prime factors of 481085908.
2, 211, 647, 881
What are the prime factors of 297346815?
3, 5, 653, 3373
What are the prime factors of 1299969421?
43, 179, 168893
List the prime factors of 963274207.
7, 173, 307, 2591
List the prime factors of 98010289.
13, 7539253
What are the prime factors of 13032406?
2, 61, 106823
List the prime factors of 1515155372.
2, 83, 109, 149, 281
List the prime factors of 244632480.
2, 3, 5, 127, 4013
List the prime factors of 306497229.
3, 102165743
What are the prime factors of 30110759?
7, 61, 151, 467
List the prime factors of 26322498.
2, 3, 193, 7577
List the prime factors of 1253618171.
13, 7417859
What are the prime factors of 491872059?
3, 7, 137, 56989
List the prime factors of 1586073309.
3, 281, 1881463
What are the prime factors of 6644418346?
2, 17, 29, 6738761
What are the prime factors of 550308879?
3, 23, 2658497
What are the prime factors of 5593711646?
2, 421, 953, 6971
What are the prime factors of 270616339?
7, 197, 311, 631
List the prime factors of 199212114.
2, 3, 33202019
What are the prime factors of 2289413544?
2, 3, 11, 337, 25733
What are the prime factors of 226886036?
2, 13, 4363193
List the prime factors of 95995425.
3, 5, 821, 1559
What are the prime factors of 23019669?
3, 2557741
What are the prime factors of 3229826443?
521, 6199283
What are the prime factors of 543942172?
2, 135985543
What are the prime factors of 107351055?
3, 5, 7, 47, 2417
What are the prime factors of 40351992?
2, 3, 29, 57977
List the prime factors of 5537523487.
97, 57087871
What are the prime factors of 12440538?
2, 3, 11, 83, 757
What are the prime factors of 114790448?
2, 7174403
What are the prime factors of 323259519?
3, 11, 83, 107, 1103
What are the prime factors of 109258580?
2, 5, 79, 69151
List the prime factors of 19017592.
2, 11, 197, 1097
What are the prime factors of 330613733?
97, 3408389
What are the prime factors of 4501638263?
37, 53, 2295583
What are the prime factors of 245682311?
7, 35097473
What are the prime factors of 71163630?
2, 3, 5, 53, 4973
List the prime factors of 6959261432.
2, 23, 4007, 9439
What are the prime factors of 32621448?
2, 3, 293, 4639
What are the prime factors of 1159367904?
2, 3, 17, 83, 317
List the prime factors of 813864769.
211, 3857179
List the prime factors of 806260978.
2, 403130489
List the prime factors of 2864306248.
2, 41, 8732641
What are the prime factors of 3632602729?
7, 89, 157, 37139
List the prime factors of 1235077975.
5, 31, 59, 27011
List the prime factors of 1327113812.
2, 977, 339589
What are the prime factors of 290518?
2, 145259
What are the prime factors of 658833348?
2, 3, 54902779
List the prime factors of 115613721.
3, 12845969
List the prime factors of 38002015.
5, 7600403
List the prime factors of 4649862021.
3, 7, 221422001
List the prime factors of 4479348692.
2, 7, 13, 2647, 4649
What are the prime factors of 72301343?
72301343
List the prime factors of 34865283.
3, 17, 59, 11587
What are the prime factors of 432016957?
432016957
List the prime factors of 2603095949.
2621, 993169
What are the prime factors of 2211347458?
2, 197, 5612557
List the prime factors of 129421859.
7, 257, 71941
List the prime factors of 7315781162.
2, 59747, 61223
List the prime factors of 73936985.
5, 14787397
What are the prime factors of 163871521?
11, 1021, 14591
List the prime factors of 283187177.
7, 13, 1153, 2699
What are the prime factors of 3685095450?
2, 3, 5, 8189101
What are the prime factors of 30841269?
3, 10280423
What are the prime factors of 5665677350?
2, 5, 331, 342337
List the prime factors of 869031365.
5, 257, 676289
What are the prime factors of 56589049?
11, 19, 270761
List the prime factors of 296553293.
59, 487, 10321
What are the prime factors of 333344194?
2, 17, 9804241
What are the prime factors of 915208346?
2, 13, 47, 53, 1087
List the prime factors of 106625611.
367, 290533
List the prime factors of 768153590.
2, 5, 809, 94951
What are the prime factors of 2019106?
2, 137, 7369
What are the prime factors of 4199437982?
2, 2099718991
List the prime factors of 50844911.
13, 521, 7507
List the prime factors of 121024010.
2, 5, 12102401
What are the prime factors of 38549076?
2, 3, 3212423
What are the prime factors of 383024336?
2, 23, 1040827
List the prime factors of 22362046.
2, 7, 1597289
List the prime factors of 56367569.
67, 841307
List the prime factors of 2619336391.
7, 67, 5584939
What are the prime factors of 1218745637?
1218745637
List the prime factors of 19632859.
19632859
What are the prime factors of 95239304?
2, 17, 53, 73, 181
What are the prime factors of 11712241?
197, 59453
What are the prime factors of 242226817?
7, 34603831
List the prime factors of 15878902.
2, 13, 109, 431
List the prime factors of 43444197.
3, 17, 283949
What are the prime factors of 165801005?
5, 33160201
What are the prime factors of 50120405?
5, 107, 93683
List the prime factors of 197542161.
3, 73, 300673
List the prime factors of 1806772103.
1806772103
What are the prime factors of 908939174?
2, 11, 13, 311, 929
What are the prime factors of 775315583?
7, 17, 109, 8539
List the prime factors of 6240132954.
2, 3, 11, 37, 317, 2687
List the prime factors of 7830372681.
3, 211, 1374473
List the prime factors of 646753415.
5, 7, 11, 61, 27539
What are the prime factors of 812646891?
3, 7, 19, 97, 2333
What are the prime factors of 306808510?
2, 5, 443, 69257
What are the prime factors of 22595101?
359, 62939
List the prime factors of 281537469.
3, 43, 727487
What are the prime factors of 873803173?
9887, 88379
List the prime factors of 833216897.
179, 4654843
List the prime factors of 300490886.
2, 41, 71, 51613
What are the prime factors of 123453996?
2, 3, 61, 191, 883
List the prime factors of 597501644.
2, 149375411
What are the prime factors of 388306845?
3, 5, 2876347
List the prime factors of 97279674.
2, 3, 31, 43, 12163
List the prime factors of 185361621.
3, 61787207
What are the prime factors of 142741